{"id":653,"date":"2023-02-09T14:47:29","date_gmt":"2023-02-09T17:47:29","guid":{"rendered":"https:\/\/percursodafe.com.br\/?page_id=653"},"modified":"2026-01-27T18:20:53","modified_gmt":"2026-01-27T21:20:53","slug":"localizacao","status":"publish","type":"page","link":"https:\/\/calnsg.com.br\/index.php\/localizacao\/","title":{"rendered":"localizacao"},"content":{"rendered":"\t\t<div data-elementor-type=\"wp-page\" data-elementor-id=\"653\" class=\"elementor elementor-653\">\n\t\t\t\t\t\t<section class=\"elementor-section elementor-top-section elementor-element elementor-element-e5fdc9e elementor-section-full_width elementor-section-stretched elementor-section-height-default elementor-section-height-default wpr-particle-no wpr-jarallax-no wpr-parallax-no\" data-id=\"e5fdc9e\" data-element_type=\"section\" data-e-type=\"section\" data-settings=\"{&quot;background_background&quot;:&quot;classic&quot;,&quot;stretch_section&quot;:&quot;section-stretched&quot;}\">\n\t\t\t\t\t\t\t<div class=\"elementor-background-overlay\"><\/div>\n\t\t\t\t\t\t\t<div class=\"elementor-container elementor-column-gap-default\">\n\t\t\t\t\t<div class=\"elementor-column elementor-col-100 elementor-top-column elementor-element elementor-element-38e77e4\" data-id=\"38e77e4\" data-element_type=\"column\" data-e-type=\"column\">\n\t\t\t<div class=\"elementor-widget-wrap elementor-element-populated\">\n\t\t\t\t\t\t<div class=\"elementor-element elementor-element-5bd6f92 elementor-invisible elementor-widget elementor-widget-heading\" data-id=\"5bd6f92\" data-element_type=\"widget\" data-e-type=\"widget\" data-settings=\"{&quot;_animation&quot;:&quot;fadeInDown&quot;}\" data-widget_type=\"heading.default\">\n\t\t\t\t<div class=\"elementor-widget-container\">\n\t\t\t\t\t<h2 class=\"elementor-heading-title elementor-size-medium\">LOCALIZA\u00c7\u00c3O E CONTATO<\/h2>\t\t\t\t<\/div>\n\t\t\t\t<\/div>\n\t\t\t\t\t<\/div>\n\t\t<\/div>\n\t\t\t\t\t<\/div>\n\t\t<\/section>\n\t\t\t\t<section class=\"elementor-section elementor-top-section elementor-element elementor-element-1fa3125a elementor-section-content-middle elementor-reverse-mobile elementor-section-boxed elementor-section-height-default elementor-section-height-default wpr-particle-no wpr-jarallax-no wpr-parallax-no wpr-sticky-section-no\" data-id=\"1fa3125a\" data-element_type=\"section\" data-e-type=\"section\">\n\t\t\t\t\t\t<div class=\"elementor-container elementor-column-gap-no\">\n\t\t\t\t\t<div class=\"elementor-column elementor-col-50 elementor-top-column elementor-element elementor-element-374e5279\" data-id=\"374e5279\" data-element_type=\"column\" data-e-type=\"column\">\n\t\t\t<div class=\"elementor-widget-wrap elementor-element-populated\">\n\t\t\t\t\t\t<div class=\"elementor-element elementor-element-7c9f7bab elementor-widget elementor-widget-google_maps\" data-id=\"7c9f7bab\" data-element_type=\"widget\" data-e-type=\"widget\" data-widget_type=\"google_maps.default\">\n\t\t\t\t<div class=\"elementor-widget-container\">\n\t\t\t\t\t\t\t<div class=\"elementor-custom-embed\">\n\t\t\t<iframe loading=\"lazy\"\n\t\t\t\t\tsrc=\"https:\/\/maps.google.com\/maps?q=-20.322300059909086%2C%20-45.54114128884419&#038;t=m&#038;z=14&#038;output=embed&#038;iwloc=near\"\n\t\t\t\t\ttitle=\"-20.322300059909086, -45.54114128884419\"\n\t\t\t\t\taria-label=\"-20.322300059909086, -45.54114128884419\"\n\t\t\t><\/iframe>\n\t\t<\/div>\n\t\t\t\t\t\t<\/div>\n\t\t\t\t<\/div>\n\t\t\t\t\t<\/div>\n\t\t<\/div>\n\t\t\t\t<div class=\"elementor-column elementor-col-50 elementor-top-column elementor-element elementor-element-63a25863\" data-id=\"63a25863\" data-element_type=\"column\" data-e-type=\"column\" id=\"contato\">\n\t\t\t<div class=\"elementor-widget-wrap elementor-element-populated\">\n\t\t\t\t\t\t<div class=\"elementor-element elementor-element-3c5542c9 elementor-widget elementor-widget-heading\" data-id=\"3c5542c9\" data-element_type=\"widget\" data-e-type=\"widget\" data-widget_type=\"heading.default\">\n\t\t\t\t<div class=\"elementor-widget-container\">\n\t\t\t\t\t<h4 class=\"elementor-heading-title elementor-size-default\">Nossos contatos<\/h4>\t\t\t\t<\/div>\n\t\t\t\t<\/div>\n\t\t\t\t<section class=\"elementor-section elementor-inner-section elementor-element elementor-element-3d38e5b5 elementor-section-boxed elementor-section-height-default elementor-section-height-default wpr-particle-no wpr-jarallax-no wpr-parallax-no wpr-sticky-section-no\" data-id=\"3d38e5b5\" data-element_type=\"section\" data-e-type=\"section\">\n\t\t\t\t\t\t<div class=\"elementor-container elementor-column-gap-default\">\n\t\t\t\t\t<div class=\"elementor-column elementor-col-50 elementor-inner-column elementor-element elementor-element-62209363\" data-id=\"62209363\" data-element_type=\"column\" data-e-type=\"column\">\n\t\t\t<div class=\"elementor-widget-wrap elementor-element-populated\">\n\t\t\t\t\t\t<div class=\"elementor-element elementor-element-2ea72f elementor-widget elementor-widget-heading\" data-id=\"2ea72f\" data-element_type=\"widget\" data-e-type=\"widget\" data-widget_type=\"heading.default\">\n\t\t\t\t<div class=\"elementor-widget-container\">\n\t\t\t\t\t<div class=\"elementor-heading-title elementor-size-default\">Localiza\u00e7\u00e3o<\/div>\t\t\t\t<\/div>\n\t\t\t\t<\/div>\n\t\t\t\t<div class=\"elementor-element elementor-element-2078b883 elementor-widget elementor-widget-text-editor\" data-id=\"2078b883\" data-element_type=\"widget\" data-e-type=\"widget\" data-widget_type=\"text-editor.default\">\n\t\t\t\t<div class=\"elementor-widget-container\">\n\t\t\t\t\t\t\t\t\t<p>Rodovia BR 354, s\/n &#8211; KM 484,2<br \/>Zona rural | Arcos \/ MG<\/p>\t\t\t\t\t\t\t\t<\/div>\n\t\t\t\t<\/div>\n\t\t\t\t\t<\/div>\n\t\t<\/div>\n\t\t\t\t<div class=\"elementor-column elementor-col-50 elementor-inner-column elementor-element elementor-element-34fe88ce\" data-id=\"34fe88ce\" data-element_type=\"column\" data-e-type=\"column\">\n\t\t\t<div class=\"elementor-widget-wrap elementor-element-populated\">\n\t\t\t\t\t\t<div class=\"elementor-element elementor-element-722c1f72 elementor-widget elementor-widget-heading\" data-id=\"722c1f72\" data-element_type=\"widget\" data-e-type=\"widget\" data-widget_type=\"heading.default\">\n\t\t\t\t<div class=\"elementor-widget-container\">\n\t\t\t\t\t<div class=\"elementor-heading-title elementor-size-default\">Contatos<\/div>\t\t\t\t<\/div>\n\t\t\t\t<\/div>\n\t\t\t\t<div class=\"elementor-element elementor-element-2a50961d elementor-widget__width-initial elementor-widget elementor-widget-text-editor\" data-id=\"2a50961d\" data-element_type=\"widget\" data-e-type=\"widget\" data-widget_type=\"text-editor.default\">\n\t\t\t\t<div class=\"elementor-widget-container\">\n\t\t\t\t\t\t\t\t\t<p style=\"text-align: left;\"><img decoding=\"async\" src=\"https:\/\/calnsg.com.br\/wp-content\/uploads\/2025\/05\/whatsapp-300x300.png\" alt=\"\" width=\"28\" height=\"28\" \/> <span style=\"font-style: inherit; font-weight: inherit;\">(37) 3351.1013<\/span><\/p>\t\t\t\t\t\t\t\t<\/div>\n\t\t\t\t<\/div>\n\t\t\t\t<div class=\"elementor-element elementor-element-39ee6d2 elementor-widget elementor-widget-text-editor\" data-id=\"39ee6d2\" data-element_type=\"widget\" data-e-type=\"widget\" data-widget_type=\"text-editor.default\">\n\t\t\t\t<div class=\"elementor-widget-container\">\n\t\t\t\t\t\t\t\t\t<img decoding=\"async\" class=\"alignnone wp-image-2068\" src=\"https:\/\/calnsg.com.br\/wp-content\/uploads\/2025\/05\/whatsapp-300x300.png\" alt=\"\" width=\"28\" height=\"28\" srcset=\"https:\/\/calnsg.com.br\/wp-content\/uploads\/2025\/05\/whatsapp-300x300.png 300w, https:\/\/calnsg.com.br\/wp-content\/uploads\/2025\/05\/whatsapp-150x150.png 150w, https:\/\/calnsg.com.br\/wp-content\/uploads\/2025\/05\/whatsapp.png 512w\" sizes=\"(max-width: 28px) 100vw, 28px\" \/> (37) 99540.0848\t\t\t\t\t\t\t\t<\/div>\n\t\t\t\t<\/div>\n\t\t\t\t\t<\/div>\n\t\t<\/div>\n\t\t\t\t\t<\/div>\n\t\t<\/section>\n\t\t\t\t<div class=\"elementor-element elementor-element-7abbfae9 elementor-widget__width-initial elementor-widget elementor-widget-text-editor\" data-id=\"7abbfae9\" data-element_type=\"widget\" data-e-type=\"widget\" data-widget_type=\"text-editor.default\">\n\t\t\t\t<div class=\"elementor-widget-container\">\n\t\t\t\t\t\t\t\t\t<p>Email : contato@calnsg.com.br<\/p>\t\t\t\t\t\t\t\t<\/div>\n\t\t\t\t<\/div>\n\t\t\t\t<section class=\"elementor-section elementor-inner-section elementor-element elementor-element-6ca6dc29 elementor-section-boxed elementor-section-height-default elementor-section-height-default wpr-particle-no wpr-jarallax-no wpr-parallax-no wpr-sticky-section-no\" data-id=\"6ca6dc29\" data-element_type=\"section\" data-e-type=\"section\">\n\t\t\t\t\t\t<div class=\"elementor-container elementor-column-gap-default\">\n\t\t\t\t\t<div class=\"elementor-column elementor-col-50 elementor-inner-column elementor-element elementor-element-3c7d4cc1\" data-id=\"3c7d4cc1\" data-element_type=\"column\" data-e-type=\"column\">\n\t\t\t<div class=\"elementor-widget-wrap elementor-element-populated\">\n\t\t\t\t\t\t<div class=\"elementor-element elementor-element-19052e36 elementor-widget elementor-widget-heading\" data-id=\"19052e36\" data-element_type=\"widget\" data-e-type=\"widget\" data-widget_type=\"heading.default\">\n\t\t\t\t<div class=\"elementor-widget-container\">\n\t\t\t\t\t<div class=\"elementor-heading-title elementor-size-default\">funcionamento<\/div>\t\t\t\t<\/div>\n\t\t\t\t<\/div>\n\t\t\t\t<div class=\"elementor-element elementor-element-692862c0 elementor-widget elementor-widget-text-editor\" data-id=\"692862c0\" data-element_type=\"widget\" data-e-type=\"widget\" data-widget_type=\"text-editor.default\">\n\t\t\t\t<div class=\"elementor-widget-container\">\n\t\t\t\t\t\t\t\t\t<p>Segunda \u00e0 sexta-feira<br \/>De 07:00: \u00e0s 17:00 hs<\/p>\t\t\t\t\t\t\t\t<\/div>\n\t\t\t\t<\/div>\n\t\t\t\t\t<\/div>\n\t\t<\/div>\n\t\t\t\t<div class=\"elementor-column elementor-col-50 elementor-inner-column elementor-element elementor-element-44cf44ba\" data-id=\"44cf44ba\" data-element_type=\"column\" data-e-type=\"column\">\n\t\t\t<div class=\"elementor-widget-wrap elementor-element-populated\">\n\t\t\t\t\t\t<div class=\"elementor-element elementor-element-35258e9d elementor-widget elementor-widget-heading\" data-id=\"35258e9d\" data-element_type=\"widget\" data-e-type=\"widget\" data-widget_type=\"heading.default\">\n\t\t\t\t<div class=\"elementor-widget-container\">\n\t\t\t\t\t<div class=\"elementor-heading-title elementor-size-default\">siga nossas redes<\/div>\t\t\t\t<\/div>\n\t\t\t\t<\/div>\n\t\t\t\t<div class=\"elementor-element elementor-element-3b963fd9 elementor-shape-circle e-grid-align-left elementor-grid-0 elementor-widget elementor-widget-social-icons\" data-id=\"3b963fd9\" data-element_type=\"widget\" data-e-type=\"widget\" data-widget_type=\"social-icons.default\">\n\t\t\t\t<div class=\"elementor-widget-container\">\n\t\t\t\t\t\t\t<div class=\"elementor-social-icons-wrapper elementor-grid\" role=\"list\">\n\t\t\t\t\t\t\t<span class=\"elementor-grid-item\" role=\"listitem\">\n\t\t\t\t\t<a class=\"elementor-icon elementor-social-icon elementor-social-icon-facebook-f elementor-animation-grow elementor-repeater-item-2d0da0c\" href=\"https:\/\/www.facebook.com\/profile.php?id=100070628366499\" target=\"_blank\">\n\t\t\t\t\t\t<span class=\"elementor-screen-only\">Facebook-f<\/span>\n\t\t\t\t\t\t<i aria-hidden=\"true\" class=\"fab fa-facebook-f\"><\/i>\t\t\t\t\t<\/a>\n\t\t\t\t<\/span>\n\t\t\t\t\t\t\t<span class=\"elementor-grid-item\" role=\"listitem\">\n\t\t\t\t\t<a class=\"elementor-icon elementor-social-icon elementor-social-icon-instagram elementor-animation-grow elementor-repeater-item-64857a3\" href=\"https:\/\/www.instagram.com\/calcinacao.nsg\" target=\"_blank\">\n\t\t\t\t\t\t<span class=\"elementor-screen-only\">Instagram<\/span>\n\t\t\t\t\t\t<i aria-hidden=\"true\" class=\"fab fa-instagram\"><\/i>\t\t\t\t\t<\/a>\n\t\t\t\t<\/span>\n\t\t\t\t\t<\/div>\n\t\t\t\t\t\t<\/div>\n\t\t\t\t<\/div>\n\t\t\t\t\t<\/div>\n\t\t<\/div>\n\t\t\t\t\t<\/div>\n\t\t<\/section>\n\t\t\t\t\t<\/div>\n\t\t<\/div>\n\t\t\t\t\t<\/div>\n\t\t<\/section>\n\t\t\t\t<section class=\"elementor-section elementor-top-section elementor-element elementor-element-64d5020 elementor-section-boxed elementor-section-height-default elementor-section-height-default wpr-particle-no wpr-jarallax-no wpr-parallax-no wpr-sticky-section-no\" data-id=\"64d5020\" data-element_type=\"section\" data-e-type=\"section\">\n\t\t\t\t\t\t<div class=\"elementor-container elementor-column-gap-default\">\n\t\t\t\t\t<div class=\"elementor-column elementor-col-100 elementor-top-column elementor-element elementor-element-656a235\" data-id=\"656a235\" data-element_type=\"column\" data-e-type=\"column\">\n\t\t\t<div class=\"elementor-widget-wrap\">\n\t\t\t\t\t\t\t<\/div>\n\t\t<\/div>\n\t\t\t\t\t<\/div>\n\t\t<\/section>\n\t\t\t\t<\/div>\n\t\t","protected":false},"excerpt":{"rendered":"<p>LOCALIZA\u00c7\u00c3O E CONTATO Nossos contatos Localiza\u00e7\u00e3o Rodovia BR 354, s\/n &#8211; KM 484,2Zona rural | Arcos \/ MG Contatos (37) 3351.1013 (37) 99540.0848 Email : contato@calnsg.com.br funcionamento Segunda \u00e0 sexta-feiraDe 07:00: \u00e0s 17:00 hs siga nossas redes Facebook-f Instagram<\/p>\n","protected":false},"author":1,"featured_media":0,"parent":0,"menu_order":0,"comment_status":"closed","ping_status":"closed","template":"","meta":{"_eb_attr":"","site-sidebar-layout":"no-sidebar","site-content-layout":"page-builder","ast-site-content-layout":"default","site-content-style":"default","site-sidebar-style":"default","ast-global-header-display":"","ast-banner-title-visibility":"","ast-main-header-display":"","ast-hfb-above-header-display":"","ast-hfb-below-header-display":"","ast-hfb-mobile-header-display":"","site-post-title":"disabled","ast-breadcrumbs-content":"","ast-featured-img":"disabled","footer-sml-layout":"","ast-disable-related-posts":"","theme-transparent-header-meta":"","adv-header-id-meta":"","stick-header-meta":"","header-above-stick-meta":"","header-main-stick-meta":"","header-below-stick-meta":"","astra-migrate-meta-layouts":"default","ast-page-background-enabled":"default","ast-page-background-meta":{"desktop":{"background-color":"var(--ast-global-color-4)","background-image":"","background-repeat":"repeat","background-position":"center center","background-size":"auto","background-attachment":"scroll","background-type":"","background-media":"","overlay-type":"","overlay-color":"","overlay-opacity":"","overlay-gradient":""},"tablet":{"background-color":"","background-image":"","background-repeat":"repeat","background-position":"center center","background-size":"auto","background-attachment":"scroll","background-type":"","background-media":"","overlay-type":"","overlay-color":"","overlay-opacity":"","overlay-gradient":""},"mobile":{"background-color":"","background-image":"","background-repeat":"repeat","background-position":"center center","background-size":"auto","background-attachment":"scroll","background-type":"","background-media":"","overlay-type":"","overlay-color":"","overlay-opacity":"","overlay-gradient":""}},"ast-content-background-meta":{"desktop":{"background-color":"var(--ast-global-color-5)","background-image":"","background-repeat":"repeat","background-position":"center center","background-size":"auto","background-attachment":"scroll","background-type":"","background-media":"","overlay-type":"","overlay-color":"","overlay-opacity":"","overlay-gradient":""},"tablet":{"background-color":"var(--ast-global-color-5)","background-image":"","background-repeat":"repeat","background-position":"center center","background-size":"auto","background-attachment":"scroll","background-type":"","background-media":"","overlay-type":"","overlay-color":"","overlay-opacity":"","overlay-gradient":""},"mobile":{"background-color":"var(--ast-global-color-5)","background-image":"","background-repeat":"repeat","background-position":"center center","background-size":"auto","background-attachment":"scroll","background-type":"","background-media":"","overlay-type":"","overlay-color":"","overlay-opacity":"","overlay-gradient":""}},"_joinchat":[],"footnotes":""},"class_list":["post-653","page","type-page","status-publish","hentry"],"yoast_head":"<!-- This site is optimized with the Yoast SEO plugin v27.1.1 - https:\/\/yoast.com\/product\/yoast-seo-wordpress\/ -->\n<title>localizacao - Grupo NSG<\/title>\n<meta name=\"robots\" content=\"index, follow, max-snippet:-1, max-image-preview:large, max-video-preview:-1\" \/>\n<link rel=\"canonical\" href=\"https:\/\/calnsg.com.br\/index.php\/localizacao\/\" \/>\n<meta property=\"og:locale\" content=\"pt_BR\" \/>\n<meta property=\"og:type\" content=\"article\" \/>\n<meta property=\"og:title\" content=\"localizacao - Grupo NSG\" \/>\n<meta property=\"og:description\" content=\"LOCALIZA\u00c7\u00c3O E CONTATO Nossos contatos Localiza\u00e7\u00e3o Rodovia BR 354, s\/n &#8211; KM 484,2Zona rural | Arcos \/ MG Contatos (37) 3351.1013 (37) 99540.0848 Email : contato@calnsg.com.br funcionamento Segunda \u00e0 sexta-feiraDe 07:00: \u00e0s 17:00 hs siga nossas redes Facebook-f Instagram\" \/>\n<meta property=\"og:url\" content=\"https:\/\/calnsg.com.br\/index.php\/localizacao\/\" \/>\n<meta property=\"og:site_name\" content=\"Grupo NSG\" \/>\n<meta property=\"article:modified_time\" content=\"2026-01-27T21:20:53+00:00\" \/>\n<meta property=\"og:image\" content=\"https:\/\/calnsg.com.br\/wp-content\/uploads\/2025\/05\/whatsapp.png\" \/>\n\t<meta property=\"og:image:width\" content=\"512\" \/>\n\t<meta property=\"og:image:height\" content=\"512\" \/>\n\t<meta property=\"og:image:type\" content=\"image\/png\" \/>\n<meta name=\"twitter:card\" content=\"summary_large_image\" \/>\n<meta name=\"twitter:label1\" content=\"Est. tempo de leitura\" \/>\n\t<meta name=\"twitter:data1\" content=\"1 minuto\" \/>\n<script type=\"application\/ld+json\" class=\"yoast-schema-graph\">{\"@context\":\"https:\/\/schema.org\",\"@graph\":[{\"@type\":\"WebPage\",\"@id\":\"https:\/\/calnsg.com.br\/index.php\/localizacao\/\",\"url\":\"https:\/\/calnsg.com.br\/index.php\/localizacao\/\",\"name\":\"localizacao - Grupo NSG\",\"isPartOf\":{\"@id\":\"https:\/\/calnsg.com.br\/#website\"},\"primaryImageOfPage\":{\"@id\":\"https:\/\/calnsg.com.br\/index.php\/localizacao\/#primaryimage\"},\"image\":{\"@id\":\"https:\/\/calnsg.com.br\/index.php\/localizacao\/#primaryimage\"},\"thumbnailUrl\":\"https:\/\/calnsg.com.br\/wp-content\/uploads\/2025\/05\/whatsapp-300x300.png\",\"datePublished\":\"2023-02-09T17:47:29+00:00\",\"dateModified\":\"2026-01-27T21:20:53+00:00\",\"breadcrumb\":{\"@id\":\"https:\/\/calnsg.com.br\/index.php\/localizacao\/#breadcrumb\"},\"inLanguage\":\"pt-BR\",\"potentialAction\":[{\"@type\":\"ReadAction\",\"target\":[\"https:\/\/calnsg.com.br\/index.php\/localizacao\/\"]}]},{\"@type\":\"ImageObject\",\"inLanguage\":\"pt-BR\",\"@id\":\"https:\/\/calnsg.com.br\/index.php\/localizacao\/#primaryimage\",\"url\":\"https:\/\/calnsg.com.br\/wp-content\/uploads\/2025\/05\/whatsapp.png\",\"contentUrl\":\"https:\/\/calnsg.com.br\/wp-content\/uploads\/2025\/05\/whatsapp.png\",\"width\":512,\"height\":512},{\"@type\":\"BreadcrumbList\",\"@id\":\"https:\/\/calnsg.com.br\/index.php\/localizacao\/#breadcrumb\",\"itemListElement\":[{\"@type\":\"ListItem\",\"position\":1,\"name\":\"In\u00edcio\",\"item\":\"https:\/\/calnsg.com.br\/\"},{\"@type\":\"ListItem\",\"position\":2,\"name\":\"localizacao\"}]},{\"@type\":\"WebSite\",\"@id\":\"https:\/\/calnsg.com.br\/#website\",\"url\":\"https:\/\/calnsg.com.br\/\",\"name\":\"Grupo NSG\",\"description\":\"\",\"publisher\":{\"@id\":\"https:\/\/calnsg.com.br\/#organization\"},\"potentialAction\":[{\"@type\":\"SearchAction\",\"target\":{\"@type\":\"EntryPoint\",\"urlTemplate\":\"https:\/\/calnsg.com.br\/?s={search_term_string}\"},\"query-input\":{\"@type\":\"PropertyValueSpecification\",\"valueRequired\":true,\"valueName\":\"search_term_string\"}}],\"inLanguage\":\"pt-BR\"},{\"@type\":\"Organization\",\"@id\":\"https:\/\/calnsg.com.br\/#organization\",\"name\":\"Grupo NSG\",\"url\":\"https:\/\/calnsg.com.br\/\",\"logo\":{\"@type\":\"ImageObject\",\"inLanguage\":\"pt-BR\",\"@id\":\"https:\/\/calnsg.com.br\/#\/schema\/logo\/image\/\",\"url\":\"https:\/\/calnsg.com.br\/wp-content\/uploads\/2022\/11\/Logo-simples.png\",\"contentUrl\":\"https:\/\/calnsg.com.br\/wp-content\/uploads\/2022\/11\/Logo-simples.png\",\"width\":238,\"height\":281,\"caption\":\"Grupo NSG\"},\"image\":{\"@id\":\"https:\/\/calnsg.com.br\/#\/schema\/logo\/image\/\"}}]}<\/script>\n<!-- \/ Yoast SEO plugin. -->","yoast_head_json":{"title":"localizacao - Grupo NSG","robots":{"index":"index","follow":"follow","max-snippet":"max-snippet:-1","max-image-preview":"max-image-preview:large","max-video-preview":"max-video-preview:-1"},"canonical":"https:\/\/calnsg.com.br\/index.php\/localizacao\/","og_locale":"pt_BR","og_type":"article","og_title":"localizacao - Grupo NSG","og_description":"LOCALIZA\u00c7\u00c3O E CONTATO Nossos contatos Localiza\u00e7\u00e3o Rodovia BR 354, s\/n &#8211; KM 484,2Zona rural | Arcos \/ MG Contatos (37) 3351.1013 (37) 99540.0848 Email : contato@calnsg.com.br funcionamento Segunda \u00e0 sexta-feiraDe 07:00: \u00e0s 17:00 hs siga nossas redes Facebook-f Instagram","og_url":"https:\/\/calnsg.com.br\/index.php\/localizacao\/","og_site_name":"Grupo NSG","article_modified_time":"2026-01-27T21:20:53+00:00","og_image":[{"width":512,"height":512,"url":"https:\/\/calnsg.com.br\/wp-content\/uploads\/2025\/05\/whatsapp.png","type":"image\/png"}],"twitter_card":"summary_large_image","twitter_misc":{"Est. tempo de leitura":"1 minuto"},"schema":{"@context":"https:\/\/schema.org","@graph":[{"@type":"WebPage","@id":"https:\/\/calnsg.com.br\/index.php\/localizacao\/","url":"https:\/\/calnsg.com.br\/index.php\/localizacao\/","name":"localizacao - Grupo NSG","isPartOf":{"@id":"https:\/\/calnsg.com.br\/#website"},"primaryImageOfPage":{"@id":"https:\/\/calnsg.com.br\/index.php\/localizacao\/#primaryimage"},"image":{"@id":"https:\/\/calnsg.com.br\/index.php\/localizacao\/#primaryimage"},"thumbnailUrl":"https:\/\/calnsg.com.br\/wp-content\/uploads\/2025\/05\/whatsapp-300x300.png","datePublished":"2023-02-09T17:47:29+00:00","dateModified":"2026-01-27T21:20:53+00:00","breadcrumb":{"@id":"https:\/\/calnsg.com.br\/index.php\/localizacao\/#breadcrumb"},"inLanguage":"pt-BR","potentialAction":[{"@type":"ReadAction","target":["https:\/\/calnsg.com.br\/index.php\/localizacao\/"]}]},{"@type":"ImageObject","inLanguage":"pt-BR","@id":"https:\/\/calnsg.com.br\/index.php\/localizacao\/#primaryimage","url":"https:\/\/calnsg.com.br\/wp-content\/uploads\/2025\/05\/whatsapp.png","contentUrl":"https:\/\/calnsg.com.br\/wp-content\/uploads\/2025\/05\/whatsapp.png","width":512,"height":512},{"@type":"BreadcrumbList","@id":"https:\/\/calnsg.com.br\/index.php\/localizacao\/#breadcrumb","itemListElement":[{"@type":"ListItem","position":1,"name":"In\u00edcio","item":"https:\/\/calnsg.com.br\/"},{"@type":"ListItem","position":2,"name":"localizacao"}]},{"@type":"WebSite","@id":"https:\/\/calnsg.com.br\/#website","url":"https:\/\/calnsg.com.br\/","name":"Grupo NSG","description":"","publisher":{"@id":"https:\/\/calnsg.com.br\/#organization"},"potentialAction":[{"@type":"SearchAction","target":{"@type":"EntryPoint","urlTemplate":"https:\/\/calnsg.com.br\/?s={search_term_string}"},"query-input":{"@type":"PropertyValueSpecification","valueRequired":true,"valueName":"search_term_string"}}],"inLanguage":"pt-BR"},{"@type":"Organization","@id":"https:\/\/calnsg.com.br\/#organization","name":"Grupo NSG","url":"https:\/\/calnsg.com.br\/","logo":{"@type":"ImageObject","inLanguage":"pt-BR","@id":"https:\/\/calnsg.com.br\/#\/schema\/logo\/image\/","url":"https:\/\/calnsg.com.br\/wp-content\/uploads\/2022\/11\/Logo-simples.png","contentUrl":"https:\/\/calnsg.com.br\/wp-content\/uploads\/2022\/11\/Logo-simples.png","width":238,"height":281,"caption":"Grupo NSG"},"image":{"@id":"https:\/\/calnsg.com.br\/#\/schema\/logo\/image\/"}}]}},"rttpg_featured_image_url":null,"rttpg_author":{"display_name":"calnsg","author_link":"https:\/\/calnsg.com.br\/index.php\/author\/percursodafe\/"},"rttpg_comment":0,"rttpg_category":null,"rttpg_excerpt":"LOCALIZA\u00c7\u00c3O E CONTATO Nossos contatos Localiza\u00e7\u00e3o Rodovia BR 354, s\/n &#8211; KM 484,2Zona rural | Arcos \/ MG Contatos (37) 3351.1013 (37) 99540.0848 Email : contato@calnsg.com.br funcionamento Segunda \u00e0 sexta-feiraDe 07:00: \u00e0s 17:00 hs siga nossas redes Facebook-f Instagram","_links":{"self":[{"href":"https:\/\/calnsg.com.br\/index.php\/wp-json\/wp\/v2\/pages\/653","targetHints":{"allow":["GET"]}}],"collection":[{"href":"https:\/\/calnsg.com.br\/index.php\/wp-json\/wp\/v2\/pages"}],"about":[{"href":"https:\/\/calnsg.com.br\/index.php\/wp-json\/wp\/v2\/types\/page"}],"author":[{"embeddable":true,"href":"https:\/\/calnsg.com.br\/index.php\/wp-json\/wp\/v2\/users\/1"}],"replies":[{"embeddable":true,"href":"https:\/\/calnsg.com.br\/index.php\/wp-json\/wp\/v2\/comments?post=653"}],"version-history":[{"count":176,"href":"https:\/\/calnsg.com.br\/index.php\/wp-json\/wp\/v2\/pages\/653\/revisions"}],"predecessor-version":[{"id":2358,"href":"https:\/\/calnsg.com.br\/index.php\/wp-json\/wp\/v2\/pages\/653\/revisions\/2358"}],"wp:attachment":[{"href":"https:\/\/calnsg.com.br\/index.php\/wp-json\/wp\/v2\/media?parent=653"}],"curies":[{"name":"wp","href":"https:\/\/api.w.org\/{rel}","templated":true}]}}